 280 is divided by 198?
82
What is the remainder when 7609 is divided by 177?
175
What is the remainder when 325 is divided by 66?
61
What is the remainder when 44 is divided by 37?
7
Calculate the remainder when 224 is divided by 68.
20
What is the remainder when 555 is divided by 183?
6
What is the remainder when 2645 is divided by 273?
188
What is the remainder when 801 is divided by 42?
3
What is the remainder when 1947 is divided by 25?
22
What is the remainder when 472 is divided by 7?
3
Calculate the remainder when 10 is divided by 8.
2
Calculate the remainder when 115 is divided by 41.
33
What is the remainder when 155 is divided by 143?
12
Calculate the remainder when 158 is divided by 53.
52
What is the remainder when 283 is divided by 41?
37
Calculate the remainder when 482 is divided by 21.
20
Calculate the remainder when 425 is divided by 54.
47
Calculate the remainder when 4485 is divided by 88.
85
Calculate the remainder when 21 is divided by 14.
7
What is the remainder when 180 is divided by 47?
39
What is the remainder when 2567 is divided by 214?
213
Calculate the remainder when 430 is divided by 49.
38
Calculate the remainder when 7517 is divided by 73.
71
Calculate the remainder when 45 is divided by 8.
5
Calculate the remainder when 50 is divided by 15.
5
What is the remainder when 436 is divided by 22?
18
What is the remainder when 5701 is divided by 102?
91
Calculate the remainder when 175 is divided by 90.
85
Calculate the remainder when 1112 is divided by 69.
8
Calculate the remainder when 203 is divided by 17.
16
Calculate the remainder when 320 is divided by 19.
16
What is the remainder when 3141 is divided by 126?
117
What is the remainder when 226 is divided by 3?
1
What is the remainder when 1388 is divided by 13?
10
What is the remainder when 427 is divided by 11?
9
What is the remainder when 404 is divided by 17?
13
Calculate the remainder when 186 is divided by 13.
4
What is the remainder when 711 is divided by 118?
3
Calculate the remainder when 495 is divided by 29.
2
Calculate the remainder when 351 is divided by 126.
99
Calculate the remainder when 475 is divided by 28.
27
Calculate the remainder when 10533 is divided by 20.
13
What is the remainder when 223 is divided by 43?
8
Calculate the remainder when 2601 is divided by 42.
39
Calculate the remainder when 915 is divided by 28.
19
What is the remainder when 545 is divided by 112?
97
What is the remainder when 557 is divided by 33?
29
What is the remainder when 3066 is divided by 13?
11
Calculate the remainder when 280 is divided by 9.
1
Calculate the remainder when 12005 is divided by 23.
22
Calculate the remainder when 1398 is divided by 22.
12
What is the remainder when 3660 is divided by 37?
34
What is the remainder when 35398 is divided by 354?
352
Calculate the remainder when 277 is divided by 264.
13
What is the remainder when 2242 is divided by 34?
32
Calculate the remainder when 1915 is divided by 273.
4
Calculate the remainder when 50 is divided by 25.
0
Calculate the remainder when 501 is divided by 18.
15
What is the remainder when 1074 is divided by 14?
10
Calculate the remainder when 25080 is divided by 9.
6
Calculate the remainder when 5123 is divided by 21.
20
Calculate the remainder when 4199 is divided by 9.
5
What is the remainder when 548 is divided by 11?
9
What is the remainder when 1478 is divided by 24?
14
Calculate the remainder when 287 is divided by 16.
15
Calculate the remainder when 241 is divided by 67.
40
Calculate the remainder when 93 is divided by 12.
9
What is the remainder when 9006 is divided by 2251?
2
Calculate the remainder when 76 is divided by 35.
6
What is the remainder when 347 is divided by 16?
11
Calculate the remainder when 3608 is divided by 23.
20
Calculate the remainder when 2238 is divided by 10.
8
What is the remainder when 416 is divided by 11?
9
What is the remainder when 2172 is divided by 242?
236
What is the remainder when 204 is divided by 43?
32
What is the remainder when 355 is divided by 183?
172
What is the remainder when 121 is divided by 4?
1
What is the remainder when 57 is divided by 32?
25
Calculate the remainder when 132 is divided by 24.
12
What is the remainder when 84 is divided by 31?
22
Calculate the remainder when 68 is divided by 34.
0
Calculate the remainder when 2206 is divided by 16.
14
Calculate the remainder when 160 is divided by 9.
7
What is the remainder when 200 is divided by 157?
43
What is the remainder when 336 is divided by 18?
12
Calculate the remainder when 86 is divided by 24.
14
Calculate the remainder when 2406 is divided by 83.
82
Calculate the remainder when 323 is divided by 109.
105
What is the remainder when 781 is divided by 27?
25
Calculate the remainder when 2100 is divided by 513.
48
What is the remainder when 78 is divided by 17?
10
Calculate the remainder when 930 is divided by 244.
198
What is the remainder when 176 is divided by 167?
9
What is the remainder when 249 is divided by 10?
9
Calculate the remainder when 217 is divided by 106.
5
What is the remainder when 750 is divided by 369?
12
What is the remainder when 1488 is divided by 20?
8
Calculate the remainder when 114 is divided by 49.
16
What is the remainder when 122 is divided by 43?
36
What is the remainder when 118 is divided by 40?
38
What is the remainder when 270 is divided by 11?
6
What is the remainder when 933 is divided by 78?
75
What is the remainder when 895 is divided by 875?
20
What is the remainder when 21 is divided by 2?
1
Calculate the remainder when 7291 is divided by 11.
9
Calculate the remainder when 700 is divided by 37.
34
What is the remainder when 222 is divided by 18?
6
Calculate the remainder when 1341 is divided by 14.
11
What is the remainder when 752 is divided by 10?
2
What is the remainder when 124 is divided by 58?
8
What is the remainder when 16844 is divided by 15?
14
What is the remainder when 1846 is divided by 84?
82
Calculate the remainder when 3974 is divided by 75.
74
What is the remainder when 118 is divided by 10?
8
Calculate the remainder when 170 is divided by 36.
26
What is the remainder when 352 is divided by 59?
57
Calculate the remainder when 865 is divided by 51.
49
Calculate the remainder when 32 is divided by 9.
5
Calculate the remainder when 219 is divided by 13.
11
What is the remainder when 52 is divided by 31?
21
What is the remainder when 10199 is divided by 68?
67
Calculate the remainder when 184 is divided by 13.
2
What is the remainder when 4183 is divided by 15?
13
Calculate the remainder when 162 is divided by 84.
78
Calculate the remainder when 66 is divided by 16.
2
Calculate the remainder when 1695 is divided by 106.
105
Calculate the remainder when 149 is divided by 108.
41
Calculate the remainder when 786 is divided by 9.
3
What is the remainder when 1975 is divided by 2?
1
Calculate the remainder when 783 is divided by 7.
6
Calculate the remainder when 14471 is divided by 24.
23
Calculate the remainder when 2604 is divided by 45.
39
Calculate the remainder when 146 is divided by 32.
18
Calculate the remainder when 570 is divided by 32.
26
Calculate the remainder when 160 is divided by 69.
22
What is the remainder when 662 is divided by 13?
12
What is the remainder when 39047 is divided by 71?
68
What is the remainder when 48 is divided by 19?
10
What is the remainder when 236 is divided by 214?
22
Calculate the remainder when 284 is divided by 95.
94
What is the remainder when 130 is divided by 22?
20
What is the remainder when 1554 is divided by 93?
66
Calculate the remainder when 7967 is divided by 10.
7
Calculate the remainder when 57 is divided by 29.
28
Calculate the remainder when 500 is divided by 105.
80
What is the remainder when 657 is divided by 54?
9
What is the remainder when 2786 is divided by 73?
12
What is the remainder when 323 is divided by 3?
2
What is the remainder when 556 is divided by 11?
6
What is the remainder when 290 is divided by 93?
11
What is the remainder when 366 is divided by 359?
7
Calculate the remainder when 159 is divided by 28.
19
Calculate the remainder when 95 is divided by 21.
11
What is the remainder when 401 is divided by 44?
5
Calculate the remainder when 320 is divided by 154.